What is y(-5)?
0
Let l(d) = -34*d - 104. What is l(-8)?
168
Let d(y) = -56*y**2 + 1225*y + 14. Calculate d(22).
-140
Let y(s) = -263*s + 15523. Give y(59).
6
Let r(j) = -180*j + 2528. Determine r(14).
8
Let n(c) = c**2 - c - 17. Calculate n(12).
115
Let i(x) = 4969*x - 4983. Determine i(1).
-14
Let m(u) = 812*u - 4877. Calculate m(6).
-5
Let t(w) = -108*w + 8. Give t(2).
-208
Let f(g) = 31*g**2 + 22*g - 3. Determine f(-3).
210
Let o(d) = d**2 + 86*d - 1636. What is o(16)?
-4
Let i(p) = -2*p**3 + 14*p**2 - 131*p + 921. Give i(7).
4
Let s(h) = -13*h**2 + 70*h + 11. Determine s(4).
83
Let w(j) = -410*j + 11089. What is w(27)?
19
Let d(s) = -151*s + 23691. Determine d(157).
-16
Let l(k) = 67*k**2 - 26*k + 2. Give l(-1).
95
Let d(a) = 2*a**2 - 42*a + 223. Give d(11).
3
Let q(v) = -3*v**2 - 264*v + 4983. Calculate q(-104).
-9
Let f(s) = -s**2 + 606*s - 1207. Calculate f(2).
1
Let r(c) = 460*c**3 + 2*c**2 - 3*c + 2. Give r(1).
461
Let v(b) = -12*b**3 + 73*b**2 - 3*b + 12. Determine v(6).
30
Let d(m) = -3*m**2 - 435*m + 8799. Calculate d(18).
-3
Let u(q) = -q**3 - 36*q**2 + 71*q + 1268. Give u(-37).
10
Let q(j) = -j**3 - 16*j**2 - 10*j - 48. Calculate q(-15).
-123
Let m(w) = 42*w**3 - 194*w**2 - 79*w - 11. Determine m(5).
-6
Let t(b) = -2*b**2 + 93*b + 511. Calculate t(-5).
-4
Let q(o) = 136*o + 840. Give q(-6).
24
Let o(t) = -t**3 + 4*t**2 + 26*t - 120. Give o(7).
-85
Let p(o) = -o**3 + 7*o**2 + 28*o - 30. Give p(-3).
-24
Let v(r) = -43765*r - 87536. Determine v(-2).
-6
Let g(s) = -985*s - 1982. Calculate g(-2).
-12
Let p(l) = l**2 - 42*l + 453. Give p(22).
13
Let r(h) = 140*h - 12464. Determine r(89).
-4
Let h(m) = 12*m**2 + 3*m + 42. Determine h(-10).
1212
Let o(t) = -9*t + 56. Give o(15).
-79
Let v(b) = 122*b - 610. Give v(5).
0
Let i(f) = -f**2 - 69*f + 1477. Determine i(17).
15
Let d(j) = -12*j**3 + 74*j**2 - 23*j + 74. Determine d(6).
8
Let y(t) = t**2 + 41*t - 221. Determine y(0).
-221
Let m(o) = 64*o - 1217. Calculate m(19).
-1
Let f(x) = -x**3 - 23*x**2 + x + 182. Calculate f(-22).
-324
Let c(l) = l**3 - l**2 - 377*l + 1135. What is c(3)?
22
Let u(i) = -i**3 - 16*i**2 - 37*i + 46. Give u(-13).
20
Let w(t) = t**3 - 10*t**2 - 51*t + 537. What is w(9)?
-3
Let r(c) = 3*c**3 - 100*c**2 + 805*c - 103. What is r(20)?
-3
Let g(r) = 4*r**2 - 25*r + 1. What is g(8)?
57
Let c(d) = 4*d - 245. Determine c(53).
-33
Let a(m) = m**2 - 6*m - 41. Calculate a(-8).
71
Let w(b) = 210*b - 593. What is w(3)?
37
Let v(n) = -69*n**3 + 416*n**2 - 9*n - 4. Give v(6).
14
Let c(v) = -v**3 - 25*v**2 - 26*v + 51. Calculate c(1).
-1
Let t(y) = 28*y + 273. Calculate t(-9).
21
Let b(r) = 152*r + 637. Calculate b(-5).
-123
Let w(n) = -n**3 + 32*n - 19. Give w(6).
-43
Let y(s) = 5*s**3 + 7*s**2 - s + 70. Determine y(-3).
1
Let p(o) = -2*o**3 - 7*o**2 - 74*o - 212. Give p(-3).
1
Let p(o) = -o + 114. Give p(14).
100
Let f(w) = 6*w**2 - 66*w - 76. Give f(12).
-4
Let n(b) = 4*b**2 + 27*b - 403. Calculate n(7).
-18
Let y(b) = -b**3 - 98*b**2 - 2202*b + 94. Determine y(-35).
-11
Let h(m) = -m**3 + 105*m**2 + 329*m - 577. What is h(108)?
-37
Let f(c) = c**3 + 4*c**2 + 6*c + 19. What is f(-6)?
-89
Let q(d) = -d**3 + 9*d**2 - 5*d + 19. What is q(9)?
-26
Let w(s) = 7*s**3 + 10*s**2 + 5*s - 18. What is w(2)?
88
Let m(k) = 6*k + 189. Give m(-31).
3
Let y(f) = 7*f**3 - 5*f**2 - 2*f + 11. Calculate y(2).
43
Let x(l) = 282*l + 1677. Determine x(-6).
-15
Let y(u) = -4*u**2 - 366*u - 2234. Give y(-6).
-182
Let i(x) = -3*x**3 - 12*x**2 - 14*x - 34. Give i(-4).
22
Let y(f) = 2*f**2 - 273*f - 6252. Determine y(-20).
8
Let f(s) = 33*s - 2511. Give f(77).
30
Let p(i) = 10*i**2 + 423*i + 123. Determine p(-42).
-3
Let f(j) = 2*j**2 - 14*j + 4. Calculate f(10).
64
Let h(a) = 193*a**2 - 67745*a + 697. Determine h(351).
-5
Let y(m) = 2*m**3 - 52*m**2 + 2*m - 44. Give y(26).
8
Let a(t) = 3*t**2 + 288*t - 849. Calculate a(-99).
42
Let x(b) = -45*b**2 + 1762*b - 132. Determine x(39).
141
Let n(c) = -c**2 - 25*c + 460. Give n(-36).
64
Let g(p) = -p**2 + 249*p - 9340. Calculate g(46).
-2
Let h(z) = z**3 - 73*z**2 - 4*z + 283. Determine h(73).
-9
Let f(w) = -w**3 + 29*w**2 - 122*w - 19. Calculate f(24).
-67
Let c(t) = -135*t + 1471. Give c(11).
-14
Let l(q) = 2*q**2 + 48*q + 77. Give l(-3).
-49
Let t(w) = w**2 - 18*w + 52. Determine t(9).
-29
Let d(l) = -2*l**3 + 24*l**2 - 48*l - 137. Determine d(8).
-9
Let z(v) = -14*v**2 - 11*v + 59. Calculate z(2).
-19
Let y(w) = 371*w + 1855. Calculate y(-5).
0
Let k(l) = 41*l - 118. What is k(3)?
5
Let x(p) = 1304*p**2 - 1317*p + 3. Calculate x(1).
-10
Let b(x) = -2*x**3 - 60*x**2 - 6*x - 60. Determine b(-30).
120
Let p(o) = 4*o**2 - 3*o + 2. Calculate p(2).
12
Let i(m) = m**3 - 20*m**2 - 32*m + 228. Determine i(21).
-3
Let z(i) = -18*i**3 - 1870*i**2 + 207*i - 104. Calculate z(-104).
0
Let g(k) = k**2 - 11*k - 507. Give g(36).
393
Let x(s) = -s**2 + 16*s + 16. What is x(16)?
16
Let x(b) = b**3 + 2*b**2 + 10*b - 304. Determine x(0).
-304
Let v(j) = -27*j - 1949. Determine v(-74).
49
Let y(f) = 58*f + 944. Give y(-16).
16
Let q(a) = 58*a + 386. Determine q(-12).
-310
Let c(f) = 2*f**3 - 106*f**2 - 91*f - 887. Calculate c(54).
31
Let a(i) = -51*i + 604. What is a(12)?
-8
Let v(t) = -23*t + 51. What is v(8)?
-133
Let q(u) = -u**2 + 42*u + 431. What is q(-8)?
31
Let d(p) = 366*p + 278. Determine d(-1).
-88
Let k(r) = r**3 + 13*r**2 - 11*r - 21. Determine k(-14).
-63
Let n(g) = 301*g + 2055. Give n(-6).
249
Let n(t) = 53*t + 795. What is n(-15)?
0
Let w(d) = 2*d**2 + 678*d - 4093. What is w(6)?
47
Let y(m) = m**3 - 11*m**2 + 20*m - 5. Give y(9).
13
Let k(a) = 2*a**3 - 12*a**2 - 110*a + 19. Determine k(-5).
19
Let f(r) = r**3 - 24*r**2 - 23*r - 41. Determine f(25).
9
Let v(z) = -z**3 + 15*z**2 - 17*z + 94. What is v(12)?
322
Let d(f) = 226*f - 6997. Calculate d(31).
9
Let x(s) = 32*s + 285. Give x(-9).
-3
Let o(s) = s**2 - 76*s - 1672. Calculate o(94).
20
Let j(m) = 3*m**3 - 141*m**2 - 12*m + 559. Give j(47).
-5
Let r(f) = -69*f + 1392. Calculate r(20).
12
Let u(r) = -4*r**2 + 140*r + 70. Give u(35).
70
Let t(p) = -11*p**2 + 111*p + 594. What is t(-4)?
-26
Let t(h) = -141*h**2 + 2261*h - 79. Give t(16).
1
Let o(r) = -20*r + 760. Determine o(47).
-180
Let d(f) = -58*f + 8785. What is d(148)?
201
Let p(g) = 15*g**3 - 12*g**2 + 33*g - 34. What is p(1)?
2
Let h(v) = -v**2 - 32*v + 67. Determine h(-32).
67
Let b(j) = -j**3 - 105*j**2 + 439*j + 323. Give b(-109).
-4
Let t(w) = -w**3 + 12*w**2 - 8*w + 16. What is t(12)?
-80
Let d(u) = -10*u**2 - 145*u + 224. What is d(-16)?
-16
Let g(u) = -u**3 + 10*u**2 - 88*u + 510. Give g(7).
41
Let m(v) = v**3 + 138*v**2 + 121*v - 2198. Calculate m(-137).
-6
Let d(q) = -3*q**3 - 43*q**2 - 4*q + 31. Calculate d(-13).
-593
Let i(p) = -4*p**2 + 287*p - 227. Determine i(71).
-14
Let t(h) = 3356*h - 3384. Calculate t(1).
-28
Let o(i) = -i**2 + 48*i - 570. Determine o(24).
6
Let f(k) = 2*k**3 - 15*k**2 + 17*k - 62. Calculate f(7).
8
Let b(p) = -p**3 - 58*p**2 - 190*p + 1405. Determine b(-54).
1
Let n(t) = 2*t**2 - 2*t - 44. What is n(4)?
-20
Let y(u) = -390*u + 8229. Calculate y(21).
39
Let z(y) = 29*y - 68. Calculate z(-3).
-155
Let s(a) = a**3 - 6*a**2 + 3*a + 8. What is s(7)?
78
Let b(v) = -v**3 + 3*v**2 - 4*v + 21. What is b(4)?
-11
Let p(k) = 237*k**2 + 1415*k - 1. Determine p(-6).
41
Let n(h) = 29*h**3 + 3*h**2 - 9*h - 9. Determine n(-1).
-26
Let u(i) = -28*i - 3837. Determine u(-139).
55
Let d(v) = -4*v**3 + 25*v**2 - 10*v + 26. Give d(6).
2
Let i(r) = 30*r**2 - 12*r - 22. Calculate i(-1).
20
Let p(k) = 65*k + 2600. Determine p(-40).
0
Let n(z) = 41*z + 326. Determine n(-8).
-2
Let p(v) = -16*v**2 + 132*v + 30. Give p(8).
62
Let g(t) = -t**3 - 18*t**2 + 25*t - 41. Determine g(-19).
-155
Let p(y) = -3*y + 7. What is p(-28)?
91
Let k(b) = 21*b**2 - 5*b + 22. Determine k(4).
338
Let o(y) = y**2 - 25*y + 15. Give o(0).
15
Let s(f) = -16*f**3 - 7*f - 20. Determine s(-2).
122
Let z(f) = -5*f**2 - 32*f + 13. Give z(-10).
-167
Let c(v) = 176*v - 467. What is c(3)?
61
Let g(r) = -r**3 - 17*r**2 - 4*r + 5. Give g(-1).
-7
Let c(j) = -25*j + 634. Determine c(21).
109
Let r(x) = 9*x**2 + 11*x - 29. Determine r(-3).
19
Let c(v) = 2*v**3 - 91*v**2 + 128*v + 115. What is c(44)?
-61
Let z(t) = 4*t**2 + 15*t - 57. Calculate z(-11).
262
Let c(y) = -y**2 - 137